tors of 38418?
2, 3, 19, 337
What are the prime factors of 735?
3, 5, 7
List the prime factors of 10586.
2, 67, 79
List the prime factors of 347.
347
What are the prime factors of 2333?
2333
What are the prime factors of 24228?
2, 3, 673
List the prime factors of 8433.
3, 937
What are the prime factors of 83068?
2, 19, 1093
List the prime factors of 5582.
2, 2791
List the prime factors of 86743.
86743
List the prime factors of 19851.
3, 13, 509
List the prime factors of 5673.
3, 31, 61
What are the prime factors of 7488?
2, 3, 13
What are the prime factors of 17408?
2, 17
List the prime factors of 144.
2, 3
List the prime factors of 9554.
2, 17, 281
List the prime factors of 442.
2, 13, 17
What are the prime factors of 18041?
18041
What are the prime factors of 2186?
2, 1093
What are the prime factors of 1573?
11, 13
What are the prime factors of 500?
2, 5
List the prime factors of 652.
2, 163
List the prime factors of 6248.
2, 11, 71
What are the prime factors of 20303?
79, 257
What are the prime factors of 53?
53
What are the prime factors of 4819?
61, 79
What are the prime factors of 33898?
2, 17, 997
List the prime factors of 1871.
1871
What are the prime factors of 2101?
11, 191
List the prime factors of 4417.
7, 631
List the prime factors of 1703.
13, 131
List the prime factors of 1658.
2, 829
What are the prime factors of 4022?
2, 2011
What are the prime factors of 2750?
2, 5, 11
List the prime factors of 4859.
43, 113
List the prime factors of 2401.
7
List the prime factors of 3069.
3, 11, 31
What are the prime factors of 7831?
41, 191
What are the prime factors of 24795?
3, 5, 19, 29
What are the prime factors of 3078?
2, 3, 19
List the prime factors of 19971.
3, 7, 317
What are the prime factors of 5432?
2, 7, 97
What are the prime factors of 35347?
13, 2719
What are the prime factors of 3847?
3847
What are the prime factors of 33?
3, 11
What are the prime factors of 15815?
5, 3163
List the prime factors of 533.
13, 41
List the prime factors of 1415.
5, 283
What are the prime factors of 732?
2, 3, 61
List the prime factors of 9738.
2, 3, 541
What are the prime factors of 5630?
2, 5, 563
List the prime factors of 14437.
14437
What are the prime factors of 2348?
2, 587
List the prime factors of 582.
2, 3, 97
List the prime factors of 21798.
2, 3, 7, 173
What are the prime factors of 55701?
3, 2063
What are the prime factors of 4407?
3, 13, 113
What are the prime factors of 3945?
3, 5, 263
List the prime factors of 5357.
11, 487
List the prime factors of 53222.
2, 13, 23, 89
What are the prime factors of 1208?
2, 151
List the prime factors of 27316.
2, 6829
List the prime factors of 1495.
5, 13, 23
What are the prime factors of 1175?
5, 47
What are the prime factors of 54448?
2, 41, 83
What are the prime factors of 832?
2, 13
What are the prime factors of 2608?
2, 163
List the prime factors of 21926.
2, 19, 577
What are the prime factors of 28134?
2, 3, 521
What are the prime factors of 5197?
5197
What are the prime factors of 1509?
3, 503
What are the prime factors of 14?
2, 7
List the prime factors of 889.
7, 127
List the prime factors of 8.
2
List the prime factors of 3859.
17, 227
List the prime factors of 15528.
2, 3, 647
List the prime factors of 256.
2
What are the prime factors of 36765?
3, 5, 19, 43
What are the prime factors of 508?
2, 127
What are the prime factors of 1041?
3, 347
What are the prime factors of 8095?
5, 1619
List the prime factors of 909.
3, 101
List the prime factors of 36736.
2, 7, 41
What are the prime factors of 17088?
2, 3, 89
List the prime factors of 273.
3, 7, 13
What are the prime factors of 1186?
2, 593
What are the prime factors of 124734?
2, 3, 20789
What are the prime factors of 9927?
3, 1103
What are the prime factors of 65956?
2, 11, 1499
What are the prime factors of 12116?
2, 13, 233
List the prime factors of 1537.
29, 53
What are the prime factors of 1247?
29, 43
List the prime factors of 19916.
2, 13, 383
List the prime factors of 9131.
23, 397
List the prime factors of 5065.
5, 1013
What are the prime factors of 46753?
7, 6679
List the prime factors of 10430.
2, 5, 7, 149
What are the prime factors of 97950?
2, 3, 5, 653
List the prime factors of 94779.
3, 10531
What are the prime factors of 6399?
3, 79
What are the prime factors of 179?
179
What are the prime factors of 76231?
76231
What are the prime factors of 12505?
5, 41, 61
List the prime factors of 36347.
19, 1913
List the prime factors of 1909.
23, 83
What are the prime factors of 168386?
2, 59, 1427
What are the prime factors of 85492?
2, 11, 29, 67
List the prime factors of 12604.
2, 23, 137
List the prime factors of 31521.
3, 7, 19, 79
List the prime factors of 20394.
2, 3, 11, 103
What are the prime factors of 4238?
2, 13, 163
List the prime factors of 197.
197
List the prime factors of 20438.
2, 11, 929
List the prime factors of 2300.
2, 5, 23
List the prime factors of 5049.
3, 11, 17
What are the prime factors of 2728?
2, 11, 31
What are the prime factors of 130786?
2, 65393
List the prime factors of 964.
2, 241
What are the prime factors of 1174?
2, 587
What are the prime factors of 7580?
2, 5, 379
What are the prime factors of 528?
2, 3, 11
List the prime factors of 52424.
2, 6553
What are the prime factors of 37384?
2, 4673
What are the prime factors of 8488?
2, 1061
List the prime factors of 1974.
2, 3, 7, 47
List the prime factors of 20240.
2, 5, 11, 23
What are the prime factors of 5808?
2, 3, 11
List the prime factors of 122771.
11, 11161
What are the prime factors of 9145?
5, 31, 59
List the prime factors of 483.
3, 7, 23
List the prime factors of 3031.
7, 433
List the prime factors of 12437.
12437
List the prime factors of 2452.
2, 613
What are the prime factors of 852?
2, 3, 71
List the prime factors of 14526.
2, 3, 269
What are the prime factors of 384?
2, 3
List the prime factors of 11274.
2, 3, 1879
List the prime factors of 2308.
2, 577
What are the prime factors of 3132?
2, 3, 29
List the prime factors of 3329.
3329
List the prime factors of 20366.
2, 17, 599
What are the prime factors of 1779?
3, 593
List the prime factors of 7730.
2, 5, 773
List the prime factors of 6304.
2, 197
List the prime factors of 4067.
7, 83
List the prime factors of 14325.
3, 5, 191
What are the prime factors of 11593?
11593
List the prime factors of 2709.
3, 7, 43
List the prime factors of 239.
239
What are the prime factors of 3083?
3083
List the prime factors of 850.
2, 5, 17
What are the prime factors of 2489?
19, 131
List the prime factors of 163.
163
What are the prime factors of 32078?
2, 43, 373
List the prime factors of 124565.
5, 7, 3559
List the prime factors of 710.
2, 5, 71
List the prime factors of 493.
17, 29
List the prime factors of 54432.
2, 3, 7
What are the prime factors of 2221?
2221
What are the prime factors of 9693?
3, 359
What are the prime factors of 28411?
28411
What are the prime factors of 7465?
5, 1493
What are the prime factors of 925?
5, 37
List the prime factors of 3343.
3343
List the prime factors of 1582.
2, 7, 113
What are the prime factors of 21498?
2, 3, 3583
What are the prime factors of 5126?
2, 11, 233
What are the prime factors of 35040?
2, 3, 5, 73
What are the prime factors of 205452?
2, 3, 13, 439
List the prime factors of 1286.
2, 643
List the prime factors of 17509.
17509
List the prime factors of 8997.
3, 2999
List the prime factors of 105698.
2, 41, 1289
What are the prime factors of 4642?
2, 11, 211
List the prime factors of 16932.
2, 3, 17, 83
What are the prime factors of 653?
653
List the prime factors of 1601.
1601
What are the prime factors of 27701?
27701
What are the prime factors of 56871?
3, 71, 89
What are the prime factors of 15295?
5, 7, 19, 23
What are the prime factors of 42573?
3, 23, 617
What are the prime factors of 19602?
2, 3, 11
List the prime factors of 360.
2, 3, 5
What are the prime factors of 145092?
2, 3, 107, 113
What are the prime factors of 566?
2, 283
List the prime factors of 1025.
5, 41
What are the prime factors of 24969?
3, 7, 29, 41
List the prime factors of 761.
761
List the prime factors of 2603.
19, 137
List the prime factors of 257.
257
What are the prime factors of 1512?
2, 3, 7
List the prime factors of 112991.
103, 1097
List the prime facto